o(g) be the first derivative of -g**6/120 - 13*g**5/60 + 5*g**4/8 + 19*g**3/6 + 91*g**2/2 - 63. Let s(q) be the second derivative of o(q). Determine s(-14).
5
Let a(t) be the third derivative of t**8/6720 - t**7/420 + t**6/360 - t**5/20 - t**4 + t**2 + 5. Let w(k) be the second derivative of a(k). Calculate w(6).
6
Let y(i) = -4*i - 79 - 3*i - 80 + 288 - 130. Let d = -3 - -2. Determine y(d).
6
Let q(y) = -41 + 50 + 50 - 3807*y + 3810*y. What is q(0)?
59
Let w = 5190 - 5185. Let d(u) = -u**3 + 6*u**2 + u - 9. What is d(w)?
21
Let z = 3428 + -3419. Let h(u) = -u + 13. Determine h(z).
4
Let y(t) be the third derivative of 0 - 5*t**3 + t**4 - 1/60*t**5 + 41*t**2 + 0*t. What is y(23)?
-7
Let x(y) = -y**2 - 4*y + 16. Let t be -1*1/2*-2 - (45 + -38). What is x(t)?
4
Let z be 1/((2/(-19))/(-2)). Let o(j) = -j**3 - 7*j**2 - 10*j - 9. Let r be o(-6). Let g(y) = -r - 3*y - 8 + z. Determine g(-4).
8
Let u(d) = -d**3 + d**2 - 8*d - 6. Let q(v) = -2*v**3 - 9*v - 7. Let t(s) = 2*q(s) - 3*u(s). Let b be (-2)/(-3)*-6*1. Give t(b).
-4
Let x(w) = 14*w + 56. Let n = -14576 + 14572. Calculate x(n).
0
Let i(w) = -60*w - 125. Let b(u) = -14*u - 31. Let z(h) = 9*b(h) - 2*i(h). Give z(-9).
25
Let q(v) = 4*v**2 + 16*v - 9. Let b(r) = -7*r**2 - 32*r + 20. Let n(j) = -3*b(j) - 5*q(j). Let w be n(-17). Let p(h) = 4*h - 2. Calculate p(w).
6
Let l = 3729 - 3726. Let u(n) be the third derivative of -n**4/8 + n**3/6 + 3*n**2. Calculate u(l).
-8
Let a = 299 + -297. Let h be 15/(-45)*(a + -3 - -1). Let g(c) = c - 9. Calculate g(h).
-9
Let r = -7 + 10. Suppose 6*a + 9 = r*a. Let x(c) = -6*c + 16. Let t(n) = -4*n + 11. Let l(v) = 7*t(v) - 5*x(v). What is l(a)?
-9
Let q(m) = 24*m**2 - 71*m - 1. Suppose -322 = -89*y - 24*y + 17. Determine q(y).
2
Let n(h) = -184*h + 80. Let l(y) = 101*y - 39. Let a(d) = -11*l(d) - 6*n(d). Calculate a(-7).
-2
Let o(q) be the second derivative of -q**4/4 + 2*q**3/3 - 3*q**2/2 - 3*q. Let f(t) = t**3 + 81*t**2 - 259*t - 586. Let j be f(-84). Calculate o(j).
-7
Let t(q) = 13*q + 417. Let s = -21714 - -21682. Give t(s).
1
Suppose 2*g + 4*p - 10 = 0, -4*p = -9*p + 5. Suppose 2*z + 0*c - g*c = 6, 2*c - 28 = -4*z. Let j(r) = 1 - 4 - 2 - r**2 - z*r. Calculate j(-5).
0
Let f(i) = 34*i**2 + i + 1. Let r be 3190/385 + 2*(-2)/14. Suppose r = -14*j + 6*j. Give f(j).
34
Let m(l) = l**3 + 29*l**2 + 15*l + 12. Let x(g) = -5*g**2 - 3*g. Let n(k) = m(k) + 4*x(k). Calculate n(-9).
-15
Let k be 9360/216 + 8/(-6). Suppose -6*i + k = i. Let b(c) = c**3 - 5*c**2 - 9*c + 11. What is b(i)?
-7
Let c(g) = g**3 - 9*g**2 + 13*g + 10. Let z(l) = -l**3 + 11*l**2 - 17*l - 13. Let f(m) = -4*c(m) - 3*z(m). Determine f(3).
-4
Let y(x) be the second derivative of x**5/24 + 5*x**4/24 + 73*x**3/3 + 10*x - 5. Let r(p) be the second derivative of y(p). Determine r(-2).
-5
Let s(z) = z**2 + z - 5. Let w be 130/(-260)*((-27)/(-1) - 1). Let x(g) = 7*g + 95. Let h be x(w). What is s(h)?
15
Let f(l) be the second derivative of -109*l - 1/20*l**5 + 0 + 1/2*l**2 + 2/3*l**4 - 1/6*l**3. Calculate f(8).
-7
Let i(n) be the first derivative of -5*n**3/3 - 19*n**2/2 - 4*n + 2199. Determine i(-5).
-34
Let f(m) be the third derivative of m**4/12 + 5*m**3/6 + m**2. Let x(z) = z**3 + 19*z**2 + 26*z + 53. Let u be x(-17). Suppose 0 = 195*j - u*j + 36. Give f(j).
-7
Let h(t) be the first derivative of -15*t**2 + 3*t + 30. Let p(d) = -12*d + 1. Let y(z) = -5*h(z) + 12*p(z). Determine y(-4).
-27
Let y(d) be the third derivative of d**5/60 + d**4/2 + 7*d**3/3 - 51*d**2 - 2*d + 25. Determine y(-11).
3
Let g(c) = -5*c - 110. Let r(o) = -5*o - 91. Let f(x) = -5*g(x) + 6*r(x). Determine f(-7).
39
Let t(b) = -b**3 + 9*b**2 - 7*b - 3. Let u(o) = 8*o**2 + o - 1. Let w(n) = 4*n**2 - 44*n + 1. Let i be w(11). Let l be u(i). Give t(l).
5
Let k be 22/(-198)*-15 - 5/3. Let f(q) be the second derivative of -1/2*q**4 - 12*q + k*q**3 + 0 + 1/2*q**2. What is f(-1)?
-5
Let z(i) be the third derivative of 1/2*i**3 - 1 + 7*i**2 - 1/24*i**4 + 1/120*i**6 - 2/15*i**5 + 0*i. Calculate z(8).
-5
Let d be 3 - 8/6 - (3 - (-144)/(-27)). Let a(j) = -3 + 3*j + 0 + 3 - 4. Calculate a(d).
8
Let w(p) = -p**3 - 9*p**2 - 1. Let x be w(-9). Let u = x + 3. Let j(d) be the second derivative of -d**4/12 - d**3/3 + 3*d**2/2 + 3*d + 71. Determine j(u).
-5
Let h(t) = -1 + 178*t - 4*t**2 - 186*t - t**2 + 2 + t**3. Give h(6).
-11
Suppose -2*f + 0*z + 1 = -z, -4*z + 26 = 2*f. Suppose -21 = -9*w - f. Let m(b) = -b**3. Calculate m(w).
-8
Let p(c) = c**2 + 3*c + 4. Let k be p(-3). Let l(o) be the first derivative of -4/3*o**3 + 139 - 1/2*o**2 - 4*o + 1/4*o**4. Calculate l(k).
-8
Let w(m) = -5 + 184*m + 7 + 3 - 185*m. Let h = 5 + 30. Suppose 2*j = -3*y + 5*y - 2, -h = 5*y + 3*j. What is w(y)?
9
Suppose 5*o = 23*o - 900. Let s(f) = f**2 + 53*f + o*f + 4 - 104*f. Calculate s(0).
4
Suppose -7*f = -3*f. Let s(r) be the first derivative of r**4/4 - r**2/2 - 7*r - 123. Give s(f).
-7
Suppose 2*r = 3*r + 4*y + 7, 3*y = 3*r - 39. Let z(x) be the first derivative of 1/2*x**2 - 104 - 11*x. Calculate z(r).
-2
Let x(k) = -k**3 + 3*k**2 + k - 4. Let n be x(2). Suppose 2*v = 5*t - 10, -3*t = -v - n*v - 15. Let l(i) = 5 + 9*i - 3*i + t*i - 8*i. What is l(4)?
-3
Let l(d) = 5*d**2 + 16. Let p(n) = 3*n**2 + n + 16. Let f(x) = 2*l(x) - 3*p(x). Let c(j) be the first derivative of f(j). Give c(3).
3
Suppose -97*h + 90*h + 476 = 0. Let y(l) = 61*l**2 - 3*l - 29 - h*l**2 + 5*l + 30. Let v(s) = s**2 - s - 4. Let b be v(3). Determine y(b).
-23
Let u(o) = 2*o**3 + 24*o**2 - 11 + 4 - 2*o - 17*o**2 + o**3 + 2*o**3. Let m(w) = -4*w**3 - 6*w**2 + 2*w + 6. Let d(f) = -4*m(f) - 3*u(f). Give d(-3).
3
Let z(l) = l - 17. Let b(g) be the first derivative of g**2 - 29*g - 148. Let y(t) = 3*b(t) - 5*z(t). Give y(-2).
-4
Let l(b) = b**2 - 9 + 1 - 5*b + 10. Let v(q) = -2*q**2 + 8*q - 4. Let s(w) = 5*l(w) + 2*v(w). Determine s(8).
-6
Let s(a) = -2*a. Let u = -87 - -75. Let t be (u/(-24))/(1/12). Suppose 3*l - 8 = -d, -l = l - t. Give s(d).
2
Let c(y) = -y**3 - 6*y**2 - y + 7. Let m(q) = -q - 2. Suppose -2*v - z = 10, -v + 2*z + 5 = -0*z. Let h be m(v). Let l be (10/(-4))/(h/2). Determine c(l).
-13
Suppose 0*x - 410 = -5*u + 4*x, -2*x = 2*u - 146. Let c = u - 74. Let n(f) = -11 + 4 + 5*f - c*f - 4*f. Calculate n(-6).
11
Suppose -4*x - 2*d = -10, -3*x = -9*d + 5*d + 20. Let w be (-24)/4 + x + 5. Let p(g) be the first derivative of 5*g**2/2 + g - 1. Calculate p(w).
-4
Suppose 5 = 2*g + 1. Let d(y) = 4*y - 46 + 104 - 76 + 16. Give d(g).
6
Suppose -4*x + 0*d - 4 = 3*d, 2*x - 2*d - 12 = 0. Let f(g) = -15*g + 11. Let t(p) = -3*p + 2. Let v(s) = x*f(s) - 11*t(s). What is v(2)?
6
Let m(a) = -3*a - 12. Let b be ((-4)/12)/((-9)/189). Let v(r) = r + 4. Let c(t) = b*v(t) + 2*m(t). Calculate c(4).
8
Let u(k) = -5*k**3 + 70*k**2 + 36*k + 49. Let s(d) = d**3 - 17*d**2 - 9*d - 10. Let g(w) = -9*s(w) - 2*u(w). Give g(-12).
28
Let z(w) = -2*w**2 - 17*w + 28. Let a(j) = j**3 + 32*j**2 - 27*j + 188. Let q be a(-33). Determine z(q).
-2
Let p(c) = 21*c**3 - c**2 + c - 1. Let t be (-1260)/(-8) - ((-10)/(-4) + -2). Let o = t + -103. Let y = 55 - o. Calculate p(y).
20
Suppose 2*g + f = 80 + 5, 0 = 4*g + 5*f - 155. Let k(w) = w**3 - 49*w**2 + 181*w - 43. What is k(g)?
2
Let q(t) = 2*t**2 - 8*t + 4. Suppose 87*f = 76*f + 33. Let g be q(f). Let z(y) = y + 4. Determine z(g).
2
Let a(q) = -5*q - 2. Let g(c) = -79*c + 261. Let j(o) = 5*a(o) - g(o). What is j(5)?
-1
Suppose 3*s = -r - 8, -5*s - 4 = 3*r - 0. Let q(f) = -5*f**2 - 23*f - 1. Let a(j) = -8*j**2 - 30*j - 1. Let i(g) = 2*a(g) - 3*q(g). Determine i(r).
15
Suppose -4*o + 18 = -2*o. Let p(l) be the first derivative of -l**4/4 + 10*l**3/3 - 5*l**2 + 6*l + 5752. Determine p(o).
-3
Let a(f) = 9*f**2 - f + 2. Let x(g) = 7*g**2 - 2*g + 3. Let t(z) = -4*a(z) + 5*x(z). Let h(i) = -i. Let s(o) = -6*h(o) + t(o). Determine s(6).
-29
Let m(g) = 5*g + 25. Suppose -3*v + 5*o = -4*v + 32, -3*v - 2*o = -44. Suppose -18*i + v*i = 36. Calculate m(i).
-5
Let j(b) be the third derivative of -1/12*b**4 + 0*b - 5/6*b**3 + 1/60*b**5 + 96*b**2 + 0. Give j(4).
3
Let r(z) = -3*z**2 + 1166 - 3470 - 21*z + 1153 + 1148. Calculate r(-7).
-3
Let x(g) = -153*g + 11. Let k(f) = -84*f + 7. Let l(m) = 11*k(m) - 6*x(m). Give l(-9).
65
Let k(d) be the third derivative of 0*d + 259*d**2 + 13/24*d**4 + 1/20*